3
Convert -13345 (base 9) to base 4.
-2031020
What is 3252 (base 6) in base 10?
752
Convert 24014 (base 5) to base 9.
2364
What is -3220 (base 4) in base 13?
-14b
-a8a (base 12) to base 6
-11054
520 (base 9) to base 15
1d3
Convert 1500 (base 9) to base 12.
7a6
Convert -468 (base 11) to base 10.
-558
Convert 1001001100 (base 2) to base 3.
210210
What is 13603 (base 7) in base 14?
1503
2152 (base 7) to base 10
772
Convert -d9 (base 16) to base 5.
-1332
What is -705 (base 10) in base 5?
-10310
What is 186 (base 11) in base 15?
e5
-21132332 (base 4) to base 3
-1222021202
What is 15464 (base 8) in base 13?
3229
-213222 (base 4) to base 2
-100111101010
9935 (base 13) to base 5
1140323
Convert 16d4 (base 16) to base 10.
5844
226 (base 9) to base 6
510
What is -111121 (base 3) in base 6?
-1411
1110100000 (base 3) to base 9
43300
Convert 340c (base 15) to base 8.
25435
Convert -4054 (base 6) to base 7.
-2422
8970 (base 13) to base 3
222022200
-347 (base 12) to base 13
-2b6
Convert 993 (base 15) to base 6.
14003
Convert 50154 (base 7) to base 6.
131553
-11242 (base 6) to base 15
-725
What is -8b63 (base 14) in base 5?
-1233240
Convert -14898 (base 11) to base 5.
-1133130
-2635 (base 8) to base 7
-4122
What is bb1 (base 12) in base 5?
23332
What is 367 (base 14) in base 2?
1010100111
Convert 255 (base 7) to base 10.
138
Convert 4280 (base 13) to base 12.
5412
What is 1200 (base 8) in base 9?
781
Convert -3276 (base 8) to base 10.
-1726
Convert -201011 (base 5) to base 7.
-24414
-1bb (base 16) to base 3
-121102
Convert -1001 (base 8) to base 3.
-201000
-12463 (base 12) to base 11
-17735
What is 23 (base 11) in base 10?
25
Convert 3743 (base 12) to base 2.
1100001100011
What is 121224 (base 5) in base 11?
347a
What is -400 (base 15) in base 16?
-384
-101001101 (base 2) to base 3
-110100
What is 25435 (base 6) in base 7?
14123
26570 (base 11) to base 12
19b66
-e2e (base 16) to base 15
-1120
What is 211b (base 12) in base 6?
24435
What is 1000110100 (base 2) in base 13?
345
Convert -3a11 (base 14) to base 11.
-773a
What is 4085 (base 9) in base 15?
d48
What is -111011111010101 (base 2) in base 9?
-46065
Convert -1101021200 (base 3) to base 9.
-41250
What is 353124 (base 6) in base 11?
20a15
-560 (base 8) to base 13
-224
68456 (base 9) to base 7
246603
-b1 (base 15) to base 6
-434
Convert -2884 (base 11) to base 7.
-13565
Convert 25ab (base 12) to base 6.
31535
217 (base 13) to base 12
25a
Convert 349 (base 12) to base 14.
26d
Convert -121413 (base 6) to base 16.
-29f1
Convert 40665 (base 7) to base 8.
23331
6b9 (base 15) to base 5
22044
What is 1a5 (base 12) in base 5?
2034
Convert -7653 (base 9) to base 2.
-1011000000101
What is 4274 (base 8) in base 5?
32421
-5946 (base 14) to base 9
-23283
What is -44457 (base 10) in base 7?
-243420
What is -1e47 (base 16) in base 4?
-1321013
Convert 101c (base 15) to base 6.
23430
Convert 22211122 (base 3) to base 6.
45455
Convert 1331 (base 8) to base 13.
441
-161 (base 14) to base 11
-236
Convert 183b1 (base 12) to base 10.
35125
31312 (base 4) to base 11
736
-1854 (base 11) to base 2
-100100110110
Convert -140440 (base 5) to base 9.
-7783
-3123333 (base 4) to base 6
-145103
Convert -10112211 (base 3) to base 14.
-d2b
Convert 42340 (base 7) to base 8.
24341
Convert -2c2d (base 16) to base 5.
-330214
Convert 40621 (base 8) to base 15.
4e90
40021 (base 6) to base 4
1101031
-1152434 (base 6) to base 13
-21cc7
What is 520 (base 9) in base 14?
223
-1cd95 (base 14) to base 3
-10202112121
-475 (base 16) to base 12
-7b1
216601 (base 7) to base 12
1a254
What is 112022 (base 3) in base 7?
1061
-15735 (base 9) to base 15
-3305
38ca (base 14) to base 12
5936
-4c1 (base 16) to base 3
-1200002
What is -12160 (base 7) in base 10?
-3178
What is -1386 (base 14) in base 6?
-23550
-13064 (base 8) to base 14
-2100
What is 1c4b (base 13) in base 4?
1003000
-1150 (base 12) to base 10
-1932
Convert 9d5c (base 14) to base 10.
27326
-120133 (base 4) to base 8
-3037
What is -740 (base 9) in base 10?
-603
-5c40 (base 13) to base 3
-122220220
Convert -112021 (base 3) to base 14.
-1d7
What is -34673 (base 8) in base 13?
-695b
Convert -1351 (base 6) to base 2.
-101100011
-30013003 (base 4) to base 2
-1100000111000011
Convert -274 (base 14) to base 3.
-200022
Convert -164e (base 16) to base 7.
-22435
1123140 (base 6) to base 3
2221012020
What is -1528 (base 16) in base 7?
-21535
1dbd (base 15) to base 13
2c44
Convert 1112211 (base 4) to base 5.
134131
688 (base 9) to base 11
475
-111010001000 (base 2) to base 8
-7210
What is -44201 (base 7) in base 9?
-16165
Convert -4701 (base 8) to base 5.
-34442
What is 671 (base 8) in base 16?
1b9
What is -14312 (base 6) in base 14?
-b88
Convert -6112 (base 7) to base 11.
-1654
What is 558 (base 16) in base 5?
20433
Convert -1bb (base 16) to base 9.
-542
What is -1b73 (base 13) in base 2?
-1000000110110
What is 10100000 (base 2) in base 14?
b6
Convert -4300 (base 5) to base 6.
-2355
-3278 (base 16) to base 10
-12920
-2515 (base 9) to base 12
-1105
14b8 (base 12) to base 10
2444
Convert -4505 (base 6) to base 12.
-735
-4da (base 16) to base 9
-1630
-100001011011 (base 2) to base 16
-85b
Convert 1002001 (base 3) to base 15.
374
What is 1754 (base 11) in base 5?
32422
24200 (base 5) to base 15
800
5568 (base 11) to base 9
11048
87c (base 13) to base 7
4146
Convert 36 (base 10) to base 3.
1100
What is 4320 (base 5) in base 13?
360
532 (base 10) to base 9
651
What is -310 (base 7) in base 10?
-154
Convert 7101 (base 8) to base 3.
12000011
Convert 24c (base 16) to base 14.
300
What is 211212 (base 4) in base 7?
10005
107 (base 9) to base 10
88
3164 (base 8) to base 13
9a1
What is 103311 (base 5) in base 7?
13304
What is -8413 (base 11) in base 10?
-11146
-278 (base 13) to base 12
-305
What is -21455 (base 7) in base 11?
-4052
211 (base 5) to base 10
56
-46b (base 12) to base 15
-2de
-301410 (base 5) to base 6
-112245
-15062 (base 12) to base 6
-344202
-385 (base 11) to base 10
-456
Convert 1201012 (base 3) to base 13.
74c
Convert -24641 (base 7) to base 8.
-14541
Convert 101000001010110 (base 2) to base 8.
50126
10238 (base 11) to base 9
22422
Convert 40540 (base 7) to base 4.
2122111
What is -111022 (base 3) in base 12?
-25b
1563 (base 10) to base 15
6e3
Convert -72c2 (base 13) to base 6.
-201255
Convert -1a85 (base 16) to base 13.
-3123
Convert -521 (base 15) to base 4.
-102010
What is 1450 (base 10) in base 16?
5aa
3910 (base 15) to base 3
121200120
127 (base 8) to base 7
153
What is -171 (base 13) in base 10?
-261
Convert 34400 (base 5) to base 9.
3350
113133 (base 5) to base 10
4168
50434 (base 6) to base 11
4aa2
What is -32023102 (base 4) in base 3?
-2221122121
Convert 69d9 (base 15) to base 7.
122352
What is 152 (base 10) in base 3?
12122
What is -12112 (base 3) in base 2?
-10010101
10010 (base 7) to base 13
1133
Convert -64525 (base 10) to base 12.
-31411
What is 147b (base 12) in base 4?
211133
Convert -1a2a (base 14) to base 9.
-6448
-280e (base 16) to base 9
-15053
3c48 (base 14) to base 15
324d
Convert 1066 (base 14) to base 12.
1782
What is -25a (base 11) in base 16?
-133
Convert -10010011010101111 (base 2) to base 12.
-377a7
Convert -21 (base 8) to base 15.
-12
What is -303232 (base 4) in base 7?
-12436
22022 (base 3) to base 6
1012
Convert -1630 (base 8) to base 4.
-32120
Convert b23 (base 14) to base 2.
100010001011
Convert 321112 (base 4) to base 9.
5027
11252 (base 6) to base 13
974
What is 104241 (base 5) in base 6?
25040
Convert -18674 (base 9) to base 3.
-122202111
Convert 1000001011 (base 2) to base 5.
4043
-261 (base 11) to base 13
-1aa
What is 201343 (base 6) in base 14?
5b1d
Convert -120125 (base 9) to base 8.
-215123
What is -2100 (base 5) in base 6?
-1135
-102 (base 7) to base 8
-63
-10120 (base 3) to base 12
-80
What is -2032 (base 6) in base 16?
-1c4
Convert 22771 (base 9) to base 11.
10479
What is -11110101000 (base 2) in base 14?
-a00
Convert -1202211 (base 3) to base 16.
-50b
What is -190 (base 16) in base 6?
-1504
What is 18d8 (base 14) in base 10?
4502
Convert -1111 (base 2) to base 6.
-23
Convert 122c (base 13) to base 9.
3468
What is -601 (base 12) in base 8?
-1541
Convert b63 (base 15) to base 3.
10112010
What is -6332 (base 7) in base 15?
-9d8
121031 (base 6) to base 2
101001